{"id":382,"date":"2024-09-11T08:47:34","date_gmt":"2024-09-11T06:47:34","guid":{"rendered":"https:\/\/lasuze-catholique.fr\/?page_id=382"},"modified":"2026-02-09T11:48:39","modified_gmt":"2026-02-09T10:48:39","slug":"le-mariage","status":"publish","type":"page","link":"https:\/\/lasuze-catholique.fr\/?page_id=382","title":{"rendered":"Le mariage"},"content":{"rendered":"\n<div class=\"wp-block-group alignfull has-accent-background-color has-background has-global-padding is-layout-constrained wp-container-core-group-is-layout-669513ed wp-block-group-is-layout-constrained\" style=\"margin-top:0;margin-bottom:0;padding-top:var(--wp--preset--spacing--50);padding-right:var(--wp--preset--spacing--50);padding-bottom:var(--wp--preset--spacing--50);padding-left:var(--wp--preset--spacing--50)\">\n<div class=\"wp-block-columns alignwide is-layout-flex wp-container-core-columns-is-layout-1da03c2a wp-block-columns-is-layout-flex\">\n<div class=\"wp-block-column is-vertically-aligned-stretch is-layout-flow wp-block-column-is-layout-flow\" style=\"flex-basis:50%\">\n<div class=\"wp-block-group is-vertical is-content-justification-stretch is-layout-flex wp-container-core-group-is-layout-444d5ee8 wp-block-group-is-layout-flex\" style=\"min-height:100%\">\n<p class=\"has-base-2-color has-text-color has-link-color has-heading-font-family has-x-large-font-size wp-elements-eb13675dcad555a6cc6b6b06b566f105\" style=\"line-height:1.2\">Vous vous aimez, vous d\u00e9sirez vous engager pour la vie sous le regard de Dieu ?<\/p>\n\n\n\n<p class=\"has-base-2-color has-text-color has-link-color has-large-font-size wp-elements-8628d71cadcc20a0eda695bff07184dc\">Le mariage est la rencontre \u00e0 partir de laquelle Dieu unit l&rsquo;amour d&rsquo;un homme et d&rsquo;une femme avec son amour pour toute la vie.<\/p>\n<\/div>\n<\/div>\n\n\n\n<div class=\"wp-block-column is-vertically-aligned-center is-layout-flow wp-block-column-is-layout-flow\" style=\"flex-basis:50%\">\n<div class=\"wp-block-cover is-light\"><img loading=\"lazy\" decoding=\"async\" width=\"960\" height=\"639\" class=\"wp-block-cover__image-background wp-image-383\" alt=\"\" src=\"https:\/\/lasuze-catholique.fr\/wp-content\/uploads\/2024\/09\/heart-529607_960_720.jpg\" data-object-fit=\"cover\" srcset=\"https:\/\/lasuze-catholique.fr\/wp-content\/uploads\/2024\/09\/heart-529607_960_720.jpg 960w, https:\/\/lasuze-catholique.fr\/wp-content\/uploads\/2024\/09\/heart-529607_960_720-300x200.jpg 300w, https:\/\/lasuze-catholique.fr\/wp-content\/uploads\/2024\/09\/heart-529607_960_720-768x511.jpg 768w\" sizes=\"auto, (max-width: 960px) 100vw, 960px\" \/><span aria-hidden=\"true\" class=\"wp-block-cover__background has-background-dim\" style=\"background-color:#d2c9bd\"><\/span><div class=\"wp-block-cover__inner-container is-layout-flow wp-block-cover-is-layout-flow\">\n<p class=\"has-text-align-center has-large-font-size\"><\/p>\n<\/div><\/div>\n\n\n\n<p><\/p>\n<\/div>\n<\/div>\n<\/div>\n\n\n\n<p class=\"has-large-font-size\">Que vous soyez au d\u00e9but de votre cheminement spirituel ou d\u00e9j\u00e0 engag\u00e9s dans la foi, vous \u00eates les bienvenus. <\/p>\n\n\n\n<p class=\"has-large-font-size\">Notre communaut\u00e9 vous accueille et vous accompagne \u00e0 chaque \u00e9tape, pour pr\u00e9parer ce sacrement avec convivialit\u00e9 et profondeur.<\/p>\n\n\n\n<div class=\"wp-block-group alignfull has-global-padding is-layout-constrained wp-container-core-group-is-layout-669513ed wp-block-group-is-layout-constrained\" style=\"margin-top:0;margin-bottom:0;padding-top:var(--wp--preset--spacing--50);padding-right:var(--wp--preset--spacing--50);padding-bottom:var(--wp--preset--spacing--50);padding-left:var(--wp--preset--spacing--50)\">\n<div class=\"wp-block-group is-vertical is-content-justification-center is-layout-flex wp-container-core-group-is-layout-ce155fab wp-block-group-is-layout-flex\">\n<h2 class=\"wp-block-heading has-text-align-center has-xx-large-font-size\">D\u00e9couvrez notre \u00e9quipe<\/h2>\n\n\n\n<p class=\"has-text-align-center\">Voici les couples que vous rencontrerez au cours de votre pr\u00e9paration au mariage. <\/p>\n<\/div>\n\n\n\n<div style=\"height:var(--wp--preset--spacing--30)\" aria-hidden=\"true\" class=\"wp-block-spacer\"><\/div>\n\n\n\n<div class=\"wp-block-columns alignwide is-layout-flex wp-container-core-columns-is-layout-4935966c wp-block-columns-is-layout-flex\" style=\"padding-right:0;padding-left:0\">\n<div class=\"wp-block-column is-layout-flow wp-block-column-is-layout-flow\">\n\n\n<div class=\"wp-block-group is-vertical is-content-justification-center is-nowrap is-layout-flex wp-container-core-group-is-layout-21d4e958 wp-block-group-is-layout-flex\">\n<p class=\"has-text-align-center has-small-font-size\"><strong>Aurore &amp; Damien BOURGEOIS<\/strong><\/p>\n<\/div>\n<\/div>\n\n\n\n<div class=\"wp-block-column is-layout-flow wp-block-column-is-layout-flow\">\n\n\n<div class=\"wp-block-group is-vertical is-content-justification-center is-nowrap is-layout-flex wp-container-core-group-is-layout-63bfd6c1 wp-block-group-is-layout-flex\">\n<p class=\"has-text-align-center has-small-font-size\"><strong>Justine &amp; Armand de BEAUCOURT<\/strong><\/p>\n<\/div>\n<\/div>\n\n\n\n<div class=\"wp-block-column is-layout-flow wp-block-column-is-layout-flow\">\n\n\n<div class=\"wp-block-group is-vertical is-content-justification-center is-nowrap is-layout-flex wp-container-core-group-is-layout-63bfd6c1 wp-block-group-is-layout-flex\">\n<p class=\"has-text-align-center has-small-font-size\"><strong>Lucie et Christophe VIDAL<\/strong><\/p>\n<\/div>\n<\/div>\n<\/div>\n<\/div>\n\n\n\n<div class=\"wp-block-group alignfull has-contrast-color has-accent-2-background-color has-text-color has-background has-link-color wp-elements-6391c4176d69a0c237799a4ef58b1e73 has-global-padding is-layout-constrained wp-container-core-group-is-layout-d89aad35 wp-block-group-is-layout-constrained\" style=\"margin-top:0;margin-bottom:0;padding-top:var(--wp--preset--spacing--50);padding-right:var(--wp--preset--spacing--50);padding-bottom:var(--wp--preset--spacing--50);padding-left:var(--wp--preset--spacing--50)\">\n<h2 class=\"wp-block-heading alignwide has-accent-color has-text-color has-link-color wp-elements-955a56043dd89fdcda175fdeb8ea3cf9\" style=\"font-size:clamp(4.509rem, 4.509rem + ((1vw - 0.2rem) * 9.152), 10rem);letter-spacing:-0.02em\">FAQ<\/h2>\n\n\n\n<div class=\"wp-block-group alignwide has-contrast-color has-text-color has-link-color wp-elements-6ed8a2bb0c26217c63c929fd58a23c5a is-layout-flow wp-block-group-is-layout-flow\">\n<hr class=\"wp-block-separator has-text-color has-contrast-color has-alpha-channel-opacity has-contrast-background-color has-background is-style-wide\" style=\"margin-top:var(--wp--preset--spacing--30);margin-bottom:var(--wp--preset--spacing--30)\"\/>\n\n\n\n<h3 class=\"wp-block-heading alignwide has-accent-color has-text-color has-link-color wp-elements-12ec9d5b2c4f23b74f1c83302d59c674\">Comment s&rsquo;inscrire au mariage ?<\/h3>\n\n\n\n<p class=\"has-contrast-color has-text-color has-link-color wp-elements-10ddc368ce3cafa3855db788f4448dfd\">Avant toute autre r\u00e9servation (salle de r\u00e9ception, traiteur), il est n\u00e9cessaire d\u2019appeler au presbyt\u00e8re pour voir si la date et le lieu d\u00e9sir\u00e9s pour votre mariage sont possibles. Une fois votre date pr\u00e9r\u00e9serv\u00e9e \u00e0 la paroisse, vous pourrez venir compl\u00e9ter le dossier d\u2019inscription \u00e0 l\u2019une des permanences d\u2019accueil du presbyt\u00e8re.<\/p>\n\n\n\n<hr class=\"wp-block-separator has-text-color has-contrast-color has-alpha-channel-opacity has-contrast-background-color has-background is-style-wide\" style=\"margin-top:var(--wp--preset--spacing--30);margin-bottom:var(--wp--preset--spacing--30)\"\/>\n\n\n\n<h3 class=\"wp-block-heading alignwide has-accent-color has-text-color has-link-color wp-elements-0f66beae9fdd2ead2ba26f7af1c7fbbb\">Quel jour et \u00e0 quelle heure ont lieu les mariages ?<\/h3>\n\n\n\n<p class=\"has-contrast-1-color has-text-color has-link-color wp-elements-d7e189143dadc5ea306b5a035bb69e2a\">Les mariages ont lieu traditionnellement les samedis. Toutefois, ils peuvent \u00eatre c\u00e9l\u00e9br\u00e9s un autre jour \u00e0 l&rsquo;exception du dimanche. <strong>Il n&rsquo;y a pas de mariage possible la veille de P\u00e2ques<\/strong>, car l&rsquo;Eglise ce jour-l\u00e0 se rappelle la mort du Christ (4 avril 2026, 27 mars 2027, 15 avril 2028). Par ailleurs, en raison des engagements du cur\u00e9 dans le jumelage avec le dioc\u00e8se allemand de Paderborn, il n&rsquo;y a pas de mariage possible les samedis 25 juillet 2026, 24 juillet 2027. De m\u00eame,<strong> il n&rsquo;y a pas de mariages la premi\u00e8re quinzaine d&rsquo;ao\u00fbt dans la paroisse<\/strong> (1er ao\u00fbt 2026, 8 ao\u00fbt 2026, 7 ao\u00fbt 2027, 5 ao\u00fbt 2028, 12 ao\u00fbt 2028). D&rsquo;autres dates peuvent avoir des emp\u00eachements, d&rsquo;o\u00f9 la <strong>n\u00e9cessit\u00e9 d&rsquo;appeler au presbyt\u00e8re avant toute autre r\u00e9servation<\/strong>. Les mariages ayant lieu le samedi sont c\u00e9l\u00e9br\u00e9s \u00e0 11h, 14h et 16h.<\/p>\n\n\n\n<hr class=\"wp-block-separator has-text-color has-contrast-color has-alpha-channel-opacity has-contrast-background-color has-background is-style-wide\" style=\"margin-top:var(--wp--preset--spacing--30);margin-bottom:var(--wp--preset--spacing--30)\"\/>\n\n\n\n<h3 class=\"wp-block-heading alignwide has-accent-color has-text-color has-link-color wp-elements-2c29c52a2ad8cf48827b350cd9d30ed5\">Un de nous deux n&rsquo;est pas baptis\u00e9, est-ce grave ?<\/h3>\n\n\n\n<p class=\"has-contrast-1-color has-text-color has-link-color wp-elements-fd3767eaa713ad77a7c1a5e7d340ef53\">Le mariage \u00e0 l\u2019\u00e9glise est une \u00e9tape importante dans la vie des chr\u00e9tiens. Il est donc pr\u00e9vu pour deux personnes baptis\u00e9es. Toutefois, si l\u2019un des deux n\u2019est pas catholique et qu\u2019il n\u2019y a pas d\u2019opposition \u00e0 l\u2019\u00e9ducation chr\u00e9tienne des enfants, une dispense peut \u00eatre accord\u00e9e. Il est aussi possible de pr\u00e9parer son bapt\u00eame alors qu\u2019on est adulte.<\/p>\n\n\n\n<hr class=\"wp-block-separator has-text-color has-contrast-color has-alpha-channel-opacity has-contrast-background-color has-background is-style-wide\" style=\"margin-top:var(--wp--preset--spacing--30);margin-bottom:var(--wp--preset--spacing--30)\"\/>\n\n\n\n<h3 class=\"wp-block-heading alignwide has-accent-color has-text-color has-link-color wp-elements-0e920d06d19f47c3f3b6b473ce4af306\">Nous n&rsquo;habitons pas dans le secteur mais nous aimerions nous marier dans votre paroisse.<\/h3>\n\n\n\n<p class=\"has-contrast-1-color has-text-color has-link-color wp-elements-df7c92b6f8726b7a4dcd8013f72e3634\">Nos \u00e9glises sont belles et de beaux ch\u00e2teaux ou de belles salles de r\u00e9ception se trouvent \u00e0 proximit\u00e9 et nous nous en r\u00e9jouissons. Toutefois, un mariage se c\u00e9l\u00e8bre normalement dans la paroisse de r\u00e9sidence des \u00e9poux ou de leurs parents. \u00c0 moins qu\u2019un pr\u00eatre, membre de votre famille ou ami, vous confirme sa disponibilit\u00e9 \u00e0 c\u00e9l\u00e9brer votre mariage, nous n\u2019acceptons pas les mariages dont les couples n\u2019ont pas de lien territorial avec la paroisse.<\/p>\n\n\n\n<hr class=\"wp-block-separator has-text-color has-contrast-color has-alpha-channel-opacity has-contrast-background-color has-background is-style-wide\" style=\"margin-top:var(--wp--preset--spacing--30);margin-bottom:var(--wp--preset--spacing--30)\"\/>\n\n\n\n<h3 class=\"wp-block-heading alignwide has-accent-color has-text-color has-link-color wp-elements-710010f0ef30fb483d7800818e4c7d47\">Combien co\u00fbte un mariage \u00e0 l&rsquo;Eglise ?<\/h3>\n\n\n\n<p class=\"has-contrast-1-color has-text-color has-link-color wp-elements-83d4dce79b0218ab8d0e06891f5402fb\">Un sacrement n\u2019a pas de prix et toute personne d\u00e9sirant se marier \u00e0 l\u2019Eglise sera accueillie ind\u00e9pendamment de ses ressources financi\u00e8res. L\u2019Eglise en France ne vivant que des dons des fid\u00e8les, une offrande est toutefois demand\u00e9e \u00e0 l\u2019occasion du mariage (montant indicatif entre 220 et 400 euros). De plus, les chr\u00e9tiens sont appel\u00e9s \u00e9galement \u00e0 donner chaque ann\u00e9e au Denier de l\u2019Eglise qui permet une r\u00e9tribution digne aux pr\u00eatres et salari\u00e9s la\u00efcs de l\u2019Eglise.<\/p>\n\n\n\n<div style=\"margin-top:var(--wp--preset--spacing--10);margin-bottom:0;height:var(--wp--preset--spacing--10)\" aria-hidden=\"true\" class=\"wp-block-spacer\"><\/div>\n\n\n\n<hr class=\"wp-block-separator has-text-color has-contrast-color has-alpha-channel-opacity has-contrast-background-color has-background is-style-wide\" style=\"margin-top:var(--wp--preset--spacing--30);margin-bottom:var(--wp--preset--spacing--30)\"\/>\n\n\n\n<h3 class=\"wp-block-heading alignwide has-accent-color has-text-color has-link-color wp-elements-b89b58e64779d38e49ca2d5680a91af0\">Peut-on se marier dans le jardin d&rsquo;un ch\u00e2teau ?<\/h3>\n\n\n\n<p class=\"has-contrast-1-color has-text-color has-link-color wp-elements-3b0aaba7168e3e3eaa53625f8877e0b5\">Votre mariage est un acte public qui concerne toute l\u2019Eglise. Ainsi, les sacrements du bapt\u00eame et du mariage ne peuvent \u00eatre c\u00e9l\u00e9br\u00e9es que dans des \u00e9glises paroissiales et non dans des chapelles ou dans des jardins.<\/p>\n\n\n\n<div style=\"margin-top:var(--wp--preset--spacing--10);margin-bottom:0;height:var(--wp--preset--spacing--10)\" aria-hidden=\"true\" class=\"wp-block-spacer\"><\/div>\n\n\n\n<hr class=\"wp-block-separator has-text-color has-contrast-color has-alpha-channel-opacity has-contrast-background-color has-background is-style-wide\" style=\"margin-top:var(--wp--preset--spacing--30);margin-bottom:var(--wp--preset--spacing--30)\"\/>\n\n\n\n<h3 class=\"wp-block-heading alignwide has-accent-color has-text-color has-link-color wp-elements-1bfedb272b744c4eead46523e4d1eb3d\">Peut-on se marier et faire baptiser son enfant en m\u00eame temps ?<\/h3>\n\n\n\n<p class=\"has-contrast-1-color has-text-color has-link-color wp-elements-8c88a5e1566a914d0b2ea40213232157\">Cela n&rsquo;est pas possible. Les quelques tentatives dans le pass\u00e9 ne se sont pas r\u00e9v\u00e9l\u00e9es fructueuses. Les deux c\u00e9l\u00e9brations se combinent mal et cela devient trop long pour l&rsquo;assistance. Par ailleurs, l&rsquo;attention sur le couple prend g\u00e9n\u00e9ralement le dessus par rapport \u00e0 l&rsquo;enfant. Il est pr\u00e9f\u00e9rable de c\u00e9l\u00e9brer le bapt\u00eame de l&rsquo;enfant avec toute l&rsquo;attention requise, y compris celle de ses parents. Si n\u00e9cessaire, parce que par exemple un membre de la famille vient de l&rsquo;\u00e9tranger pour le mariage et est aussi le parrain de l&rsquo;enfant, alors le bapt\u00eame peut \u00eatre pr\u00e9vu le lendemain. C&rsquo;est-\u00e0-dire, le mariage a lieu le samedi et le bapt\u00eame le dimanche, apr\u00e8s la messe paroissiale, dans l&rsquo;\u00e9glise o\u00f9 a lieu cette messe.<\/p>\n<\/div>\n<\/div>\n\n\n\n<p><\/p>\n","protected":false},"excerpt":{"rendered":"<p>Vous vous aimez, vous d\u00e9sirez vous engager pour la vie sous le regard de Dieu ? Le mariage est la rencontre \u00e0 partir de laquelle Dieu unit l&rsquo;amour d&rsquo;un homme et d&rsquo;une femme avec son amour pour toute la vie. Que vous soyez au d\u00e9but de votre cheminement spirituel ou d\u00e9j\u00e0 engag\u00e9s dans la foi, [&hellip;]<\/p>\n","protected":false},"author":2,"featured_media":0,"parent":0,"menu_order":0,"comment_status":"closed","ping_status":"closed","template":"","meta":{"footnotes":""},"class_list":["post-382","page","type-page","status-publish","hentry"],"_links":{"self":[{"href":"https:\/\/lasuze-catholique.fr\/index.php?rest_route=\/wp\/v2\/pages\/382","targetHints":{"allow":["GET"]}}],"collection":[{"href":"https:\/\/lasuze-catholique.fr\/index.php?rest_route=\/wp\/v2\/pages"}],"about":[{"href":"https:\/\/lasuze-catholique.fr\/index.php?rest_route=\/wp\/v2\/types\/page"}],"author":[{"embeddable":true,"href":"https:\/\/lasuze-catholique.fr\/index.php?rest_route=\/wp\/v2\/users\/2"}],"replies":[{"embeddable":true,"href":"https:\/\/lasuze-catholique.fr\/index.php?rest_route=%2Fwp%2Fv2%2Fcomments&post=382"}],"version-history":[{"count":18,"href":"https:\/\/lasuze-catholique.fr\/index.php?rest_route=\/wp\/v2\/pages\/382\/revisions"}],"predecessor-version":[{"id":1282,"href":"https:\/\/lasuze-catholique.fr\/index.php?rest_route=\/wp\/v2\/pages\/382\/revisions\/1282"}],"wp:attachment":[{"href":"https:\/\/lasuze-catholique.fr\/index.php?rest_route=%2Fwp%2Fv2%2Fmedia&parent=382"}],"curies":[{"name":"wp","href":"https:\/\/api.w.org\/{rel}","templated":true}]}}