{"id":457,"date":"2024-10-16T21:01:15","date_gmt":"2024-10-16T19:01:15","guid":{"rendered":"https:\/\/lasuze-catholique.fr\/?page_id=457"},"modified":"2024-10-18T15:52:07","modified_gmt":"2024-10-18T13:52:07","slug":"ordination","status":"publish","type":"page","link":"https:\/\/lasuze-catholique.fr\/?page_id=457","title":{"rendered":"L&rsquo;ordination des pr\u00eatres"},"content":{"rendered":"\n<hr class=\"wp-block-separator has-alpha-channel-opacity\"\/>\n\n\n\n<div class=\"wp-block-columns alignwide is-layout-flex wp-container-core-columns-is-layout-28f84493 wp-block-columns-is-layout-flex\">\n<div class=\"wp-block-column is-layout-flow wp-block-column-is-layout-flow\" style=\"flex-basis:33.33%\">\n<figure class=\"wp-block-image size-large is-style-rounded is-style-rounded--1\"><img loading=\"lazy\" decoding=\"async\" width=\"684\" height=\"1024\" src=\"https:\/\/lasuze-catholique.fr\/wp-content\/uploads\/2024\/10\/2013-06-30-Ordination-2-684x1024.jpg\" alt=\"\" class=\"wp-image-508\" srcset=\"https:\/\/lasuze-catholique.fr\/wp-content\/uploads\/2024\/10\/2013-06-30-Ordination-2-684x1024.jpg 684w, https:\/\/lasuze-catholique.fr\/wp-content\/uploads\/2024\/10\/2013-06-30-Ordination-2-200x300.jpg 200w, https:\/\/lasuze-catholique.fr\/wp-content\/uploads\/2024\/10\/2013-06-30-Ordination-2-768x1150.jpg 768w, https:\/\/lasuze-catholique.fr\/wp-content\/uploads\/2024\/10\/2013-06-30-Ordination-2-1025x1536.jpg 1025w, https:\/\/lasuze-catholique.fr\/wp-content\/uploads\/2024\/10\/2013-06-30-Ordination-2-1367x2048.jpg 1367w, https:\/\/lasuze-catholique.fr\/wp-content\/uploads\/2024\/10\/2013-06-30-Ordination-2-scaled.jpg 1709w\" sizes=\"auto, (max-width: 684px) 100vw, 684px\" \/><\/figure>\n<\/div>\n\n\n\n<div class=\"wp-block-column is-layout-flow wp-block-column-is-layout-flow\" style=\"flex-basis:66.66%\">\n<h4 class=\"wp-block-heading has-accent-color has-text-color has-link-color wp-elements-7948da9808ad3609c8b20fe5c90418ba\" style=\"font-style:normal;font-weight:600\">Ordonn\u00e9s diacres, pr\u00eatres et \u00e9v\u00eaques<\/h4>\n\n\n\n<p>Par le sacrement de l&rsquo;Ordre, des hommes qui ont \u00e9t\u00e9 choisis par Dieu et par l&rsquo;Eglise re\u00e7oivent le pouvoir d&rsquo;agir dans la Communaut\u00e9 au nom de J\u00e9sus et de r\u00e9aliser son minist\u00e8re aupr\u00e8s des hommes. Ce sont les \u00e9v\u00eaques, les pr\u00eatres et les diacres.<\/p>\n\n\n\n<p>Un \u00e9v\u00eaque est un successeur des Ap\u00f4tres et un repr\u00e9sentant de J\u00e9sus sur un certain territoire. Le Pape aussi est un \u00e9v\u00eaque, l&rsquo;\u00e9v\u00eaque de Rome. Pour devenir \u00e9v\u00eaque, il faut d&rsquo;abord \u00eatre pr\u00eatre.<\/p>\n\n\n\n<p>Un pr\u00eatre est un homme dont J\u00e9sus a besoin pour une mission toute particuli\u00e8re dans l&rsquo;Eglise: il doit donner Dieu aux hommes et les hommes \u00e0 Dieu. J\u00e9sus se donne  nous par les pr\u00eatres. J\u00e9sus nous pardonne nos p\u00e9ch\u00e9s par les pr\u00eatres. J\u00e9sus oint et fortifie les malades par les pr\u00eatres. Un pr\u00eatre ne sait pas forc\u00e9ment mieux conduire, cuisiner ou parler que les autres \u00eatres humains. Mais \u00e0 certains moments, lorsqu&rsquo;il c\u00e9l\u00e8bre les sacrements, le pr\u00eatre est un instrument de Dieu: J\u00e9sus agit \u00e0 travers lui.<\/p>\n\n\n\n<p>Un diacre est un homme qui, par son service, soutient l&rsquo;\u00e9v\u00eaque et les pr\u00eatres. A l&rsquo;exemple de J\u00e9sus, il s&rsquo;occupe des pauvres, des malades et des souffrants; il annonce la foi et est au service de la liturgie.<\/p>\n\n\n\n<p>(cf. Youcat E, 93.95.97)<\/p>\n<\/div>\n<\/div>\n\n\n\n<blockquote class=\"wp-block-quote is-layout-flow wp-block-quote-is-layout-flow\">\n<p><mark style=\"background-color:rgba(0, 0, 0, 0)\" class=\"has-inline-color has-accent-color\"><strong>Tu te poses la question de devenir pr\u00eatre ?<\/strong><\/mark> <\/p>\n\n\n\n<p>Parles-en \u00e0 ton cur\u00e9 ! Il priera pour toi et t&rsquo;aidera \u00e0 y r\u00e9fl\u00e9chir avec discr\u00e9tion et libert\u00e9.<\/p>\n\n\n\n<p>\u00ab\u00a0Il n\u2019y a pas de plus grand amour que de donner sa vie pour ceux qu\u2019on aime.\u00a0\u00bb (Jn 15,13)<\/p>\n<\/blockquote>\n\n\n\n<p>Vierge Marie,<br>M\u00e8re du Christ Pr\u00eatre,<br>M\u00e8re des pr\u00eatres du monde entier,<br>Vous aimez tout particuli\u00e8rement les pr\u00eatres,<br>Parce qu\u2019ils sont les images vivantes de votre Fils unique.<\/p>\n\n\n\n<p>Vous avez aid\u00e9 J\u00e9sus par toute votre vie terrestre,<br>Et vous l\u2019aidez encore dans le ciel.<br>Nous vous en supplions, priez pour les pr\u00eatres,<br>Priez le p\u00e8re des cieux pour qu\u2019il envoie des ouvriers \u00e0 sa moisson.<\/p>\n\n\n\n<p>Priez pour que nous ayons toujours des pr\u00eatres,&nbsp;<br>Qui nous donnent les sacrements,<br>Nous expliquent l\u2019\u00c9vangile du Christ,<br>Et nous enseignent \u00e0 devenir de vrais enfants de Dieu.<\/p>\n\n\n\n<p>Vierge Marie, demandez vous-m\u00eame \u00e0 Dieu le P\u00e8re,<br>Les pr\u00eatres dont nous avons tant besoin,<br>Et puisque votre c\u0153ur \u00e0 tout pouvoir sur lui,<br>Obtenez-nous, \u00f4 Marie,<br>Des pr\u00eatres qui soient des saints.<\/p>\n\n\n\n<p>Amen.<\/p>\n\n\n\n<p>Notre-Dame du Sacerdoce, priez pour nous,<br>Saint Jean-Marie Vianney, priez pour nous.<\/p>\n\n\n\n<figure class=\"wp-block-image size-large\"><img loading=\"lazy\" decoding=\"async\" width=\"1024\" height=\"1024\" src=\"https:\/\/lasuze-catholique.fr\/wp-content\/uploads\/2024\/10\/Flyer-Discerner-sa-vocation-2024_2025_V2-1024x1024.jpg\" alt=\"\" class=\"wp-image-513\" srcset=\"https:\/\/lasuze-catholique.fr\/wp-content\/uploads\/2024\/10\/Flyer-Discerner-sa-vocation-2024_2025_V2-1024x1024.jpg 1024w, https:\/\/lasuze-catholique.fr\/wp-content\/uploads\/2024\/10\/Flyer-Discerner-sa-vocation-2024_2025_V2-300x300.jpg 300w, https:\/\/lasuze-catholique.fr\/wp-content\/uploads\/2024\/10\/Flyer-Discerner-sa-vocation-2024_2025_V2-150x150.jpg 150w, https:\/\/lasuze-catholique.fr\/wp-content\/uploads\/2024\/10\/Flyer-Discerner-sa-vocation-2024_2025_V2-768x768.jpg 768w, https:\/\/lasuze-catholique.fr\/wp-content\/uploads\/2024\/10\/Flyer-Discerner-sa-vocation-2024_2025_V2-1536x1536.jpg 1536w, https:\/\/lasuze-catholique.fr\/wp-content\/uploads\/2024\/10\/Flyer-Discerner-sa-vocation-2024_2025_V2.jpg 1654w\" sizes=\"auto, (max-width: 1024px) 100vw, 1024px\" \/><\/figure>\n","protected":false},"excerpt":{"rendered":"<p>Ordonn\u00e9s diacres, pr\u00eatres et \u00e9v\u00eaques Par le sacrement de l&rsquo;Ordre, des hommes qui ont \u00e9t\u00e9 choisis par Dieu et par l&rsquo;Eglise re\u00e7oivent le pouvoir d&rsquo;agir dans la Communaut\u00e9 au nom de J\u00e9sus et de r\u00e9aliser son minist\u00e8re aupr\u00e8s des hommes. Ce sont les \u00e9v\u00eaques, les pr\u00eatres et les diacres. Un \u00e9v\u00eaque est un successeur des [&hellip;]<\/p>\n","protected":false},"author":1,"featured_media":0,"parent":0,"menu_order":0,"comment_status":"closed","ping_status":"closed","template":"","meta":{"footnotes":""},"class_list":["post-457","page","type-page","status-publish","hentry"],"_links":{"self":[{"href":"https:\/\/lasuze-catholique.fr\/index.php?rest_route=\/wp\/v2\/pages\/457","targetHints":{"allow":["GET"]}}],"collection":[{"href":"https:\/\/lasuze-catholique.fr\/index.php?rest_route=\/wp\/v2\/pages"}],"about":[{"href":"https:\/\/lasuze-catholique.fr\/index.php?rest_route=\/wp\/v2\/types\/page"}],"author":[{"embeddable":true,"href":"https:\/\/lasuze-catholique.fr\/index.php?rest_route=\/wp\/v2\/users\/1"}],"replies":[{"embeddable":true,"href":"https:\/\/lasuze-catholique.fr\/index.php?rest_route=%2Fwp%2Fv2%2Fcomments&post=457"}],"version-history":[{"count":6,"href":"https:\/\/lasuze-catholique.fr\/index.php?rest_route=\/wp\/v2\/pages\/457\/revisions"}],"predecessor-version":[{"id":514,"href":"https:\/\/lasuze-catholique.fr\/index.php?rest_route=\/wp\/v2\/pages\/457\/revisions\/514"}],"wp:attachment":[{"href":"https:\/\/lasuze-catholique.fr\/index.php?rest_route=%2Fwp%2Fv2%2Fmedia&parent=457"}],"curies":[{"name":"wp","href":"https:\/\/api.w.org\/{rel}","templated":true}]}}

L&rsquo;ordination des prêtres

<hr class="wp-block-separator has-alpha-channel-opacity"/>



<div class="wp-block-columns alignwide is-layout-flex wp-container-core-columns-is-layout-28f84493 wp-block-columns-is-layout-flex">
<div class="wp-block-column is-layout-flow wp-block-column-is-layout-flow" style="flex-basis:33.33%">
<figure class="wp-block-image size-large is-style-rounded is-style-rounded--1"><img loading="lazy" decoding="async" width="684" height="1024" src="https://lasuze-catholique.fr/wp-content/uploads/2024/10/2013-06-30-Ordination-2-684x1024.jpg" alt="" class="wp-image-508" srcset="https://lasuze-catholique.fr/wp-content/uploads/2024/10/2013-06-30-Ordination-2-684x1024.jpg 684w, https://lasuze-catholique.fr/wp-content/uploads/2024/10/2013-06-30-Ordination-2-200x300.jpg 200w, https://lasuze-catholique.fr/wp-content/uploads/2024/10/2013-06-30-Ordination-2-768x1150.jpg 768w, https://lasuze-catholique.fr/wp-content/uploads/2024/10/2013-06-30-Ordination-2-1025x1536.jpg 1025w, https://lasuze-catholique.fr/wp-content/uploads/2024/10/2013-06-30-Ordination-2-1367x2048.jpg 1367w, https://lasuze-catholique.fr/wp-content/uploads/2024/10/2013-06-30-Ordination-2-scaled.jpg 1709w" sizes="auto, (max-width: 684px) 100vw, 684px" /></figure>
</div>



<div class="wp-block-column is-layout-flow wp-block-column-is-layout-flow" style="flex-basis:66.66%">
<h4 class="wp-block-heading has-accent-color has-text-color has-link-color wp-elements-7948da9808ad3609c8b20fe5c90418ba" style="font-style:normal;font-weight:600">Ordonnés diacres, prêtres et évêques</h4>



<p>Par le sacrement de l&rsquo;Ordre, des hommes qui ont été choisis par Dieu et par l&rsquo;Eglise reçoivent le pouvoir d&rsquo;agir dans la Communauté au nom de Jésus et de réaliser son ministère auprès des hommes. Ce sont les évêques, les prêtres et les diacres.</p>



<p>Un évêque est un successeur des Apôtres et un représentant de Jésus sur un certain territoire. Le Pape aussi est un évêque, l&rsquo;évêque de Rome. Pour devenir évêque, il faut d&rsquo;abord être prêtre.</p>



<p>Un prêtre est un homme dont Jésus a besoin pour une mission toute particulière dans l&rsquo;Eglise: il doit donner Dieu aux hommes et les hommes à Dieu. Jésus se donne  nous par les prêtres. Jésus nous pardonne nos péchés par les prêtres. Jésus oint et fortifie les malades par les prêtres. Un prêtre ne sait pas forcément mieux conduire, cuisiner ou parler que les autres êtres humains. Mais à certains moments, lorsqu&rsquo;il célèbre les sacrements, le prêtre est un instrument de Dieu: Jésus agit à travers lui.</p>



<p>Un diacre est un homme qui, par son service, soutient l&rsquo;évêque et les prêtres. A l&rsquo;exemple de Jésus, il s&rsquo;occupe des pauvres, des malades et des souffrants; il annonce la foi et est au service de la liturgie.</p>



<p>(cf. Youcat E, 93.95.97)</p>
</div>
</div>



<blockquote class="wp-block-quote is-layout-flow wp-block-quote-is-layout-flow">
<p><mark style="background-color:rgba(0, 0, 0, 0)" class="has-inline-color has-accent-color"><strong>Tu te poses la question de devenir prêtre ?</strong></mark> </p>



<p>Parles-en à ton curé ! Il priera pour toi et t&rsquo;aidera à y réfléchir avec discrétion et liberté.</p>



<p>« Il n’y a pas de plus grand amour que de donner sa vie pour ceux qu’on aime. » (Jn 15,13)</p>
</blockquote>



<p>Vierge Marie,<br>Mère du Christ Prêtre,<br>Mère des prêtres du monde entier,<br>Vous aimez tout particulièrement les prêtres,<br>Parce qu’ils sont les images vivantes de votre Fils unique.</p>



<p>Vous avez aidé Jésus par toute votre vie terrestre,<br>Et vous l’aidez encore dans le ciel.<br>Nous vous en supplions, priez pour les prêtres,<br>Priez le père des cieux pour qu’il envoie des ouvriers à sa moisson.</p>



<p>Priez pour que nous ayons toujours des prêtres,&nbsp;<br>Qui nous donnent les sacrements,<br>Nous expliquent l’Évangile du Christ,<br>Et nous enseignent à devenir de vrais enfants de Dieu.</p>



<p>Vierge Marie, demandez vous-même à Dieu le Père,<br>Les prêtres dont nous avons tant besoin,<br>Et puisque votre cœur à tout pouvoir sur lui,<br>Obtenez-nous, ô Marie,<br>Des prêtres qui soient des saints.</p>



<p>Amen.</p>



<p>Notre-Dame du Sacerdoce, priez pour nous,<br>Saint Jean-Marie Vianney, priez pour nous.</p>



<figure class="wp-block-image size-large"><img loading="lazy" decoding="async" width="1024" height="1024" src="https://lasuze-catholique.fr/wp-content/uploads/2024/10/Flyer-Discerner-sa-vocation-2024_2025_V2-1024x1024.jpg" alt="" class="wp-image-513" srcset="https://lasuze-catholique.fr/wp-content/uploads/2024/10/Flyer-Discerner-sa-vocation-2024_2025_V2-1024x1024.jpg 1024w, https://lasuze-catholique.fr/wp-content/uploads/2024/10/Flyer-Discerner-sa-vocation-2024_2025_V2-300x300.jpg 300w, https://lasuze-catholique.fr/wp-content/uploads/2024/10/Flyer-Discerner-sa-vocation-2024_2025_V2-150x150.jpg 150w, https://lasuze-catholique.fr/wp-content/uploads/2024/10/Flyer-Discerner-sa-vocation-2024_2025_V2-768x768.jpg 768w, https://lasuze-catholique.fr/wp-content/uploads/2024/10/Flyer-Discerner-sa-vocation-2024_2025_V2-1536x1536.jpg 1536w, https://lasuze-catholique.fr/wp-content/uploads/2024/10/Flyer-Discerner-sa-vocation-2024_2025_V2.jpg 1654w" sizes="auto, (max-width: 1024px) 100vw, 1024px" /></figure>

<p>Ordonnés diacres, prêtres et évêques Par le sacrement de l&rsquo;Ordre, des hommes qui ont été choisis par Dieu et par l&rsquo;Eglise reçoivent le pouvoir d&rsquo;agir dans la Communauté au nom de Jésus et de réaliser son ministère auprès des hommes. Ce sont les évêques, les prêtres et les diacres. Un évêque est un successeur des [&hellip;]</p>
