{"id":464,"date":"2024-10-16T21:12:24","date_gmt":"2024-10-16T19:12:24","guid":{"rendered":"https:\/\/lasuze-catholique.fr\/?page_id=464"},"modified":"2025-10-15T15:35:26","modified_gmt":"2025-10-15T13:35:26","slug":"vie-religieuse","status":"publish","type":"page","link":"https:\/\/lasuze-catholique.fr\/?page_id=464","title":{"rendered":"La vie religieuse"},"content":{"rendered":"\n<hr class=\"wp-block-separator has-alpha-channel-opacity\"\/>\n\n\n\n<div class=\"wp-block-columns alignwide is-layout-flex wp-container-core-columns-is-layout-28f84493 wp-block-columns-is-layout-flex\">\n<div class=\"wp-block-column is-layout-flow wp-block-column-is-layout-flow\" style=\"flex-basis:33.33%\">\n<figure class=\"wp-block-image size-large is-style-rounded is-style-rounded--1\"><img loading=\"lazy\" decoding=\"async\" width=\"768\" height=\"1024\" src=\"https:\/\/lasuze-catholique.fr\/wp-content\/uploads\/2025\/10\/PHOTO-2025-09-13-20-24-11_2-768x1024.jpg\" alt=\"\" class=\"wp-image-1001\" srcset=\"https:\/\/lasuze-catholique.fr\/wp-content\/uploads\/2025\/10\/PHOTO-2025-09-13-20-24-11_2-768x1024.jpg 768w, https:\/\/lasuze-catholique.fr\/wp-content\/uploads\/2025\/10\/PHOTO-2025-09-13-20-24-11_2-225x300.jpg 225w, https:\/\/lasuze-catholique.fr\/wp-content\/uploads\/2025\/10\/PHOTO-2025-09-13-20-24-11_2-1152x1536.jpg 1152w, https:\/\/lasuze-catholique.fr\/wp-content\/uploads\/2025\/10\/PHOTO-2025-09-13-20-24-11_2.jpg 1200w\" sizes=\"auto, (max-width: 768px) 100vw, 768px\" \/><\/figure>\n<\/div>\n\n\n\n<div class=\"wp-block-column is-layout-flow wp-block-column-is-layout-flow\" style=\"flex-basis:66.66%\">\n<h4 class=\"wp-block-heading has-accent-color has-text-color has-link-color wp-elements-4484617111064d6cbaa055bb88449b9e\" style=\"font-style:normal;font-weight:600\">Donner sa vie comme religieux ou religieuse<\/h4>\n\n\n\n<p>c\u2019est vivre en pl\u00e9nitude son bapt\u00eame. La profession des v\u0153ux de chastet\u00e9, de pauvret\u00e9 et d\u2019ob\u00e9issance est un signe proph\u00e9tique du Royaume des Cieux.<br><\/p>\n\n\n\n<p>Il y a des religieuses qui servent dans des paroisses commes \u00e0 Allonnes ou \u00e0 La Fl\u00e8che et des religieuses contemplatives qui vivent dans un monast\u00e8re comme les religieuses de l&rsquo;<a href=\"https:\/\/www.abbayesaintececiledesolesmes.com\">abbaye Sainte-C\u00e9cile \u00e0 Solesmes<\/a> ou au <a href=\"https:\/\/www.merci-dieu.com\/-Monastere-.html\">monast\u00e8re de la Merci-Dieu<\/a> \u00e0 Saint-Jean d&rsquo;Ass\u00e9.<\/p>\n\n\n\n<p>Des religieux sont aussi au service de paroisses ou de sanctuaires, comme les fr\u00e8res de Saint-Jean \u00e0 <a href=\"https:\/\/www.notredameduchene.com\">La Chapelle du Ch\u00eane<\/a>, les p\u00e8res de Sainte-Croix \u00e0 Ecommoy et Parign\u00e9-l&rsquo;Ev\u00eaque, les fr\u00e8res de la Congr\u00e9gagation des Martyrs de Cor\u00e9e \u00e0 Chateau-du-Loir. D&rsquo;autres religieux vivent dans des monast\u00e8res comme les <a href=\"https:\/\/www.abbayedesolesmes.fr\">moines de Solesmes<\/a>.<\/p>\n\n\n\n<p>Sur la photo, accueil des religieuses \u00e0 Allonnes en septembre 2025.<\/p>\n<\/div>\n<\/div>\n\n\n\n<blockquote class=\"wp-block-quote is-layout-flow wp-block-quote-is-layout-flow\">\n<p><mark style=\"background-color:rgba(0, 0, 0, 0)\" class=\"has-inline-color has-accent-color\"><strong>Saint Charles de Foucauld<\/strong><\/mark><\/p>\n\n\n\n<p>\u00ab\u00a0Aussit\u00f4t que je crus qu&rsquo;il y avait un Dieu, je compris que je ne pouvais faire autrement que de ne vivre que pour lui\u00a0\u00bb.<\/p>\n<\/blockquote>\n","protected":false},"excerpt":{"rendered":"<p>Donner sa vie comme religieux ou religieuse c\u2019est vivre en pl\u00e9nitude son bapt\u00eame. La profession des v\u0153ux de chastet\u00e9, de pauvret\u00e9 et d\u2019ob\u00e9issance est un signe proph\u00e9tique du Royaume des Cieux. Il y a des religieuses qui servent dans des paroisses commes \u00e0 Allonnes ou \u00e0 La Fl\u00e8che et des religieuses contemplatives qui vivent dans [&hellip;]<\/p>\n","protected":false},"author":1,"featured_media":0,"parent":0,"menu_order":0,"comment_status":"closed","ping_status":"closed","template":"","meta":{"footnotes":""},"class_list":["post-464","page","type-page","status-publish","hentry"],"_links":{"self":[{"href":"https:\/\/lasuze-catholique.fr\/index.php?rest_route=\/wp\/v2\/pages\/464","targetHints":{"allow":["GET"]}}],"collection":[{"href":"https:\/\/lasuze-catholique.fr\/index.php?rest_route=\/wp\/v2\/pages"}],"about":[{"href":"https:\/\/lasuze-catholique.fr\/index.php?rest_route=\/wp\/v2\/types\/page"}],"author":[{"embeddable":true,"href":"https:\/\/lasuze-catholique.fr\/index.php?rest_route=\/wp\/v2\/users\/1"}],"replies":[{"embeddable":true,"href":"https:\/\/lasuze-catholique.fr\/index.php?rest_route=%2Fwp%2Fv2%2Fcomments&post=464"}],"version-history":[{"count":8,"href":"https:\/\/lasuze-catholique.fr\/index.php?rest_route=\/wp\/v2\/pages\/464\/revisions"}],"predecessor-version":[{"id":1003,"href":"https:\/\/lasuze-catholique.fr\/index.php?rest_route=\/wp\/v2\/pages\/464\/revisions\/1003"}],"wp:attachment":[{"href":"https:\/\/lasuze-catholique.fr\/index.php?rest_route=%2Fwp%2Fv2%2Fmedia&parent=464"}],"curies":[{"name":"wp","href":"https:\/\/api.w.org\/{rel}","templated":true}]}}

<hr class="wp-block-separator has-alpha-channel-opacity"/>



<div class="wp-block-columns alignwide is-layout-flex wp-container-core-columns-is-layout-28f84493 wp-block-columns-is-layout-flex">
<div class="wp-block-column is-layout-flow wp-block-column-is-layout-flow" style="flex-basis:33.33%">
<figure class="wp-block-image size-large is-style-rounded is-style-rounded--1"><img loading="lazy" decoding="async" width="768" height="1024" src="https://lasuze-catholique.fr/wp-content/uploads/2025/10/PHOTO-2025-09-13-20-24-11_2-768x1024.jpg" alt="" class="wp-image-1001" srcset="https://lasuze-catholique.fr/wp-content/uploads/2025/10/PHOTO-2025-09-13-20-24-11_2-768x1024.jpg 768w, https://lasuze-catholique.fr/wp-content/uploads/2025/10/PHOTO-2025-09-13-20-24-11_2-225x300.jpg 225w, https://lasuze-catholique.fr/wp-content/uploads/2025/10/PHOTO-2025-09-13-20-24-11_2-1152x1536.jpg 1152w, https://lasuze-catholique.fr/wp-content/uploads/2025/10/PHOTO-2025-09-13-20-24-11_2.jpg 1200w" sizes="auto, (max-width: 768px) 100vw, 768px" /></figure>
</div>



<div class="wp-block-column is-layout-flow wp-block-column-is-layout-flow" style="flex-basis:66.66%">
<h4 class="wp-block-heading has-accent-color has-text-color has-link-color wp-elements-4484617111064d6cbaa055bb88449b9e" style="font-style:normal;font-weight:600">Donner sa vie comme religieux ou religieuse</h4>



<p>c’est vivre en plénitude son baptême. La profession des vœux de chasteté, de pauvreté et d’obéissance est un signe prophétique du Royaume des Cieux.<br></p>



<p>Il y a des religieuses qui servent dans des paroisses commes à Allonnes ou à La Flèche et des religieuses contemplatives qui vivent dans un monastère comme les religieuses de l&rsquo;<a href="https://www.abbayesaintececiledesolesmes.com">abbaye Sainte-Cécile à Solesmes</a> ou au <a href="https://www.merci-dieu.com/-Monastere-.html">monastère de la Merci-Dieu</a> à Saint-Jean d&rsquo;Assé.</p>



<p>Des religieux sont aussi au service de paroisses ou de sanctuaires, comme les frères de Saint-Jean à <a href="https://www.notredameduchene.com">La Chapelle du Chêne</a>, les pères de Sainte-Croix à Ecommoy et Parigné-l&rsquo;Evêque, les frères de la Congrégagation des Martyrs de Corée à Chateau-du-Loir. D&rsquo;autres religieux vivent dans des monastères comme les <a href="https://www.abbayedesolesmes.fr">moines de Solesmes</a>.</p>



<p>Sur la photo, accueil des religieuses à Allonnes en septembre 2025.</p>
</div>
</div>



<blockquote class="wp-block-quote is-layout-flow wp-block-quote-is-layout-flow">
<p><mark style="background-color:rgba(0, 0, 0, 0)" class="has-inline-color has-accent-color"><strong>Saint Charles de Foucauld</strong></mark></p>



<p>« Aussitôt que je crus qu&rsquo;il y avait un Dieu, je compris que je ne pouvais faire autrement que de ne vivre que pour lui ».</p>
</blockquote>

<p>Donner sa vie comme religieux ou religieuse c’est vivre en plénitude son baptême. La profession des vœux de chasteté, de pauvreté et d’obéissance est un signe prophétique du Royaume des Cieux. Il y a des religieuses qui servent dans des paroisses commes à Allonnes ou à La Flèche et des religieuses contemplatives qui vivent dans [&hellip;]</p>
